{"id":134,"date":"2023-05-19T11:16:46","date_gmt":"2023-05-19T09:16:46","guid":{"rendered":"https:\/\/conciergerie-aix.fr\/?page_id=134"},"modified":"2023-06-17T11:47:34","modified_gmt":"2023-06-17T09:47:34","slug":"en-votre-absence","status":"publish","type":"page","link":"https:\/\/conciergerie-aix.fr\/?page_id=134","title":{"rendered":"En votre absence&#8230;"},"content":{"rendered":"\n<div class=\"wp-block-media-text alignwide is-stacked-on-mobile\"><figure class=\"wp-block-media-text__media\"><img decoding=\"async\" loading=\"lazy\" width=\"683\" height=\"1024\" src=\"http:\/\/conciergerie-aix.fr\/wp-content\/uploads\/2023\/06\/IMG_1329-2-683x1024.jpg\" alt=\"\" class=\"wp-image-472 size-full\" srcset=\"https:\/\/conciergerie-aix.fr\/wp-content\/uploads\/2023\/06\/IMG_1329-2-683x1024.jpg 683w, https:\/\/conciergerie-aix.fr\/wp-content\/uploads\/2023\/06\/IMG_1329-2-200x300.jpg 200w, https:\/\/conciergerie-aix.fr\/wp-content\/uploads\/2023\/06\/IMG_1329-2-768x1152.jpg 768w, https:\/\/conciergerie-aix.fr\/wp-content\/uploads\/2023\/06\/IMG_1329-2-1024x1536.jpg 1024w, https:\/\/conciergerie-aix.fr\/wp-content\/uploads\/2023\/06\/IMG_1329-2-1365x2048.jpg 1365w, https:\/\/conciergerie-aix.fr\/wp-content\/uploads\/2023\/06\/IMG_1329-2-1320x1980.jpg 1320w, https:\/\/conciergerie-aix.fr\/wp-content\/uploads\/2023\/06\/IMG_1329-2-600x900.jpg 600w, https:\/\/conciergerie-aix.fr\/wp-content\/uploads\/2023\/06\/IMG_1329-2-scaled.jpg 1707w\" sizes=\"(max-width: 683px) 100vw, 683px\" \/><\/figure><div class=\"wp-block-media-text__content\">\n<ul>\n<li>contr\u00f4le visuel des ext\u00e9rieurs de la maison<\/li>\n\n\n\n<li>relev\u00e9 et traitement du courrier<\/li>\n\n\n\n<li>m\u00e9nage<\/li>\n\n\n\n<li>gardiennage ponctuel (home-sitting) ou long terme<\/li>\n\n\n\n<li>entretien de votre jardin, de votre piscine&#8230;<\/li>\n\n\n\n<li>assistance et pr\u00e9sence pour la maintenance de votre \u00e9quipement (chaudi\u00e8re, chauffe-eau, informatique, livraisons&#8230;)<\/li>\n<\/ul>\n\n\n\n<div class=\"wp-block-jetpack-send-a-message\">\n<div class=\"wp-block-jetpack-whatsapp-button is-color-dark\"><a class=\"whatsapp-block__button\" href=\"https:\/\/api.whatsapp.com\/send?phone=&amp;text=Bonjour%2C%20j%E2%80%99ai%20trouv%C3%A9%20vos%20informations%20WhatsApp%20sur%20votre%20site%20Web.\" style=\"background-color:#25D366;color:#fff\" target=\"_self\" rel=\"noopener noreferrer\">Discuter sur WhatsApp<\/a><\/div>\n<\/div>\n<\/div><\/div>\n","protected":false},"excerpt":{"rendered":"","protected":false},"author":1,"featured_media":348,"parent":0,"menu_order":0,"comment_status":"closed","ping_status":"closed","template":"","meta":{"om_disable_all_campaigns":false,"_mi_skip_tracking":false},"aioseo_notices":[],"mfb_rest_fields":["aioseo_notices"],"_links":{"self":[{"href":"https:\/\/conciergerie-aix.fr\/index.php?rest_route=\/wp\/v2\/pages\/134"}],"collection":[{"href":"https:\/\/conciergerie-aix.fr\/index.php?rest_route=\/wp\/v2\/pages"}],"about":[{"href":"https:\/\/conciergerie-aix.fr\/index.php?rest_route=\/wp\/v2\/types\/page"}],"author":[{"embeddable":true,"href":"https:\/\/conciergerie-aix.fr\/index.php?rest_route=\/wp\/v2\/users\/1"}],"replies":[{"embeddable":true,"href":"https:\/\/conciergerie-aix.fr\/index.php?rest_route=%2Fwp%2Fv2%2Fcomments&post=134"}],"version-history":[{"count":4,"href":"https:\/\/conciergerie-aix.fr\/index.php?rest_route=\/wp\/v2\/pages\/134\/revisions"}],"predecessor-version":[{"id":473,"href":"https:\/\/conciergerie-aix.fr\/index.php?rest_route=\/wp\/v2\/pages\/134\/revisions\/473"}],"wp:featuredmedia":[{"embeddable":true,"href":"https:\/\/conciergerie-aix.fr\/index.php?rest_route=\/wp\/v2\/media\/348"}],"wp:attachment":[{"href":"https:\/\/conciergerie-aix.fr\/index.php?rest_route=%2Fwp%2Fv2%2Fmedia&parent=134"}],"curies":[{"name":"wp","href":"https:\/\/api.w.org\/{rel}","templated":true}]}}