{"id":6,"date":"2023-05-06T16:56:43","date_gmt":"2023-05-06T14:56:43","guid":{"rendered":"https:\/\/conciergerie-aix.fr\/?page_id=6"},"modified":"2023-05-15T09:44:39","modified_gmt":"2023-05-15T07:44:39","slug":"services-locataire","status":"publish","type":"page","link":"https:\/\/conciergerie-aix.fr\/?page_id=6","title":{"rendered":"Services locataires"},"content":{"rendered":"\n<p><strong>Description du service<\/strong><\/p>\n\n\n\n<p>Plus les ann\u00e9es passent, plus les voyageurs cherchent \u00e0 vivre des exp\u00e9riences enrichissantes et inoubliables lors de leurs s\u00e9jours. La conciergerie priv\u00e9e du pays d&#8217;Aix vous propose des prestations compl\u00e9mentaires : m\u00e9nage suppl\u00e9mentaire, service petit-d\u00e9jeuner, location de mat\u00e9riel de pu\u00e9riculture, r\u00e9servation d&#8217;un restaurant, livraison de courses, randonn\u00e9es Ste Victoire, balades aux calanques, circuit v\u00e9lo Ste Victoire, massage&#8230;<\/p>\n","protected":false},"excerpt":{"rendered":"<p>Description du service Plus les ann\u00e9es passent, plus les voyageurs cherchent \u00e0 vivre des exp\u00e9riences enrichissantes et inoubliables lors de leurs s\u00e9jours. La conciergerie priv\u00e9e &hellip;<\/p>\n","protected":false},"author":1,"featured_media":0,"parent":108,"menu_order":1,"comment_status":"closed","ping_status":"closed","template":"","meta":{"om_disable_all_campaigns":false,"_mi_skip_tracking":false},"aioseo_notices":[],"mfb_rest_fields":["aioseo_notices"],"_links":{"self":[{"href":"https:\/\/conciergerie-aix.fr\/index.php?rest_route=\/wp\/v2\/pages\/6"}],"collection":[{"href":"https:\/\/conciergerie-aix.fr\/index.php?rest_route=\/wp\/v2\/pages"}],"about":[{"href":"https:\/\/conciergerie-aix.fr\/index.php?rest_route=\/wp\/v2\/types\/page"}],"author":[{"embeddable":true,"href":"https:\/\/conciergerie-aix.fr\/index.php?rest_route=\/wp\/v2\/users\/1"}],"replies":[{"embeddable":true,"href":"https:\/\/conciergerie-aix.fr\/index.php?rest_route=%2Fwp%2Fv2%2Fcomments&post=6"}],"version-history":[{"count":5,"href":"https:\/\/conciergerie-aix.fr\/index.php?rest_route=\/wp\/v2\/pages\/6\/revisions"}],"predecessor-version":[{"id":107,"href":"https:\/\/conciergerie-aix.fr\/index.php?rest_route=\/wp\/v2\/pages\/6\/revisions\/107"}],"up":[{"embeddable":true,"href":"https:\/\/conciergerie-aix.fr\/index.php?rest_route=\/wp\/v2\/pages\/108"}],"wp:attachment":[{"href":"https:\/\/conciergerie-aix.fr\/index.php?rest_route=%2Fwp%2Fv2%2Fmedia&parent=6"}],"curies":[{"name":"wp","href":"https:\/\/api.w.org\/{rel}","templated":true}]}}